3
What is the tens digit of 2824?
2
What is the tens digit of 2182?
8
What is the tens digit of 17279?
7
What is the thousands digit of 4444?
4
What is the tens digit of 15592?
9
What is the units digit of 13403?
3
What is the units digit of 1274?
4
What is the units digit of 7002?
2
What is the hundreds digit of 13778?
7
What is the tens digit of 59330?
3
What is the units digit of 49647?
7
What is the units digit of 179?
9
What is the units digit of 39964?
4
What is the hundreds digit of 4410?
4
What is the ten thousands digit of 23299?
2
What is the tens digit of 50?
5
What is the hundreds digit of 2588?
5
What is the tens digit of 44646?
4
What is the ten thousands digit of 38760?
3
What is the ten thousands digit of 21466?
2
What is the ten thousands digit of 39900?
3
What is the units digit of 9518?
8
What is the tens digit of 1985?
8
What is the thousands digit of 10265?
0
What is the hundreds digit of 7404?
4
What is the hundreds digit of 699?
6
What is the units digit of 830?
0
What is the hundreds digit of 2281?
2
What is the tens digit of 2071?
7
What is the units digit of 440?
0
What is the ten thousands digit of 30198?
3
What is the hundred thousands digit of 169730?
1
What is the tens digit of 114684?
8
What is the hundreds digit of 4953?
9
What is the units digit of 2742?
2
What is the units digit of 36091?
1
What is the units digit of 24452?
2
What is the ten thousands digit of 10247?
1
What is the tens digit of 36424?
2
What is the units digit of 1245?
5
What is the hundreds digit of 667?
6
What is the units digit of 1105?
5
What is the ten thousands digit of 11051?
1
What is the units digit of 69586?
6
What is the units digit of 13151?
1
What is the units digit of 606?
6
What is the hundreds digit of 2029?
0
What is the hundreds digit of 49081?
0
What is the tens digit of 1176?
7
What is the hundreds digit of 8567?
5
What is the units digit of 4059?
9
What is the tens digit of 4272?
7
What is the thousands digit of 1780?
1
What is the tens digit of 959?
5
What is the thousands digit of 4261?
4
What is the hundreds digit of 196?
1
What is the thousands digit of 2447?
2
What is the tens digit of 151682?
8
What is the tens digit of 1288?
8
What is the units digit of 3457?
7
What is the units digit of 7251?
1
What is the thousands digit of 12331?
2
What is the thousands digit of 70331?
0
What is the units digit of 919?
9
What is the hundreds digit of 23625?
6
What is the tens digit of 47283?
8
What is the units digit of 18561?
1
What is the thousands digit of 14975?
4
What is the hundreds digit of 97049?
0
What is the tens digit of 652?
5
What is the tens digit of 799?
9
What is the thousands digit of 2135?
2
What is the thousands digit of 4741?
4
What is the thousands digit of 18749?
8
What is the tens digit of 25911?
1
What is the tens digit of 81516?
1
What is the thousands digit of 2112?
2
What is the hundreds digit of 1929?
9
What is the units digit of 41112?
2
What is the tens digit of 16989?
8
What is the tens digit of 6814?
1
What is the ten thousands digit of 14916?
1
What is the thousands digit of 21016?
1
What is the tens digit of 6254?
5
What is the tens digit of 6626?
2
What is the units digit of 706?
6
What is the units digit of 4783?
3
What is the hundreds digit of 1355?
3
What is the hundred thousands digit of 161246?
1
What is the tens digit of 1468?
6
What is the thousands digit of 38863?
8
What is the thousands digit of 38471?
8
What is the hundreds digit of 12957?
9
What is the units digit of 1016?
6
What is the thousands digit of 2966?
2
What is the thousands digit of 7131?
7
What is the units digit of 1150?
0
What is the units digit of 44607?
7
What is the tens digit of 7964?
6
What is the hundreds digit of 932?
9
What is the tens digit of 11923?
2
What is the hundreds digit of 10896?
8
What is the tens digit of 39749?
4
What is the ten thousands digit of 67175?
6
What is the ten thousands digit of 28600?
2
What is the hundreds digit of 1750?
7
What is the units digit of 1880?
0
What is the hundreds digit of 8829?
8
What is the hundreds digit of 6204?
2
What is the units digit of 43667?
7
What is the thousands digit of 1210?
1
What is the hundreds digit of 1755?
7
What is the ten thousands digit of 44746?
4
What is the units digit of 13699?
9
What is the tens digit of 785?
8
What is the tens digit of 17698?
9
What is the units digit of 90963?
3
What is the tens digit of 7262?
6
What is the tens digit of 2381?
8
What is the tens digit of 6080?
8
What is the hundreds digit of 1234?
2
What is the units digit of 3616?
6
What is the units digit of 9913?
3
What is the units digit of 89419?
9
What is the hundreds digit of 1975?
9
What is the units digit of 32702?
2
What is the hundreds digit of 430?
4
What is the ten thousands digit of 23749?
2
What is the hundreds digit of 15474?
4
What is the tens digit of 72662?
6
What is the tens digit of 12098?
9
What is the tens digit of 492?
9
What is the tens digit of 53?
5
What is the units digit of 114555?
5
What is the thousands digit of 1199?
1
What is the hundreds digit of 248?
2
What is the hundreds digit of 9624?
6
What is the units digit of 1713?
3
What is the units digit of 904?
4
What is the tens digit of 23848?
4
What is the units digit of 17476?
6
What is the tens digit of 269?
6
What is the hundreds digit of 1241?
2
What is the thousands digit of 16419?
6
What is the hundreds digit of 931?
9
What is the thousands digit of 1932?
1
What is the units digit of 9387?
7
What is the thousands digit of 11848?
1
What is the units digit of 4380?
0
What is the hundreds digit of 206?
2
What is the thousands digit of 13560?
3
What is the units digit of 11755?
5
What is the units digit of 7759?
9
What is the units digit of 518?
8
What is the thousands digit of 2217?
2
What is the tens digit of 36426?
2
What is the thousands digit of 5140?
5
What is the ten thousands digit of 11874?
1
What is the hundreds digit of 34010?
0
What is the tens digit of 308?
0
What is the units digit of 1258?
8
What is the thousands digit of 7391?
7
What is the hundreds digit of 22357?
3
What is the thousands digit of 9311?
9
What is the units digit of 2893?
3
What is the hundreds digit of 153?
1
What is the thousands digit of 60199?
0
What is the tens digit of 8584?
8
What is the tens digit of 189?
8
What is the units digit of 18564?
4
What is the tens digit of 279?
7
What is the units digit of 13753?
3
What is the hundreds digit of 856?
8
What is the tens digit of 306?
0
What is the tens digit of 1068?
6
What is the hundreds digit of 107?
1
What is the tens digit of 11565?
6
What is the tens digit of 90?
9
What is the thousands digit of 29731?
9
What is the thousands digit of 1182?
1
What is the tens digit of 5111?
1
What is the hundreds digit of 5063?
0
What is the units digit of 5752?
2
What is the tens digit of 42651?
5
What is the thousands digit of 1425?
1
What is the thousands digit of 2937?
2
What is the tens digit of 27178?
7
What is the tens digit of 498?
9
What is the tens digit of 2641?
4
What is the hundreds digit of 700?
7
What is the hundreds digit of 1201?
2
What is the tens digit of 2599?
9
What is the units digit of 16619?
9
What is the units digit of 56615?
5
What is the units digit of 28534?
4
What is the units digit of 33889?
9
What is the ten thousands digit of 88833?
8
What is the tens digit of 7129?
2
What is the hundreds digit of 10149?
1
What is the units digit of 96794?
4
What is the tens digit of 6709?
0
What is the ten thousands digit of 91706?
9
What is the hundreds digit of 7992?
9
What is the tens digit of 2818?
1
What is the hundreds digit of 581?
5
What is the thousands digit of 5603?
5
What is the hundreds digit of 518?
5
What is the tens digit of 8807?
0
What is the units digit of 9057?
7
What is the tens digit of 7585?
8
What is the tens digit of 27847?
4
What is the tens digit of 22547?
4
What is the hundreds digit of 91033?
0
What is the units digit of 50160?
0
What is the units digit of 25190?
0
What is the thousands digit of 2447?
2
What is the tens digit of 32219?
1
What is the ten thousands digit of 24701?
2
What is the ten thousands digit of 19693?
1
What is the units digit of 1507?
7
What is the hundreds digit of 5405?
4
What is the units digit of